{"id":13152,"date":"2023-11-14T19:46:43","date_gmt":"2023-11-14T19:46:43","guid":{"rendered":"http:\/\/www.mygrantour.org\/?page_id=13152"},"modified":"2023-11-15T10:15:06","modified_gmt":"2023-11-15T10:15:06","slug":"feras-salloum","status":"publish","type":"page","link":"https:\/\/migrantour.org\/en\/feras-salloum\/","title":{"rendered":"Feras Salloum"},"content":{"rendered":"<p>I&#8217;m Feras Salloum, originally from Syria, and I&#8217;ve been fortunate to call Denmark my home for seven years. Embracing the role of an intercultural companion, I&#8217;m passionate about connecting with people from different walks of life. I joined this project to share my unique journey and learn from others, fostering intercultural understanding and unity.<br \/>\nAs an intercultural companion, the most fascinating aspect of my role is witnessing the transformation of a city through the lens of migrants. Among the captivating places on the Migrantour itinerary, I find Sankt Hans Torv and Bl\u00e5g\u00e5rds Plads particularly intriguing. Sankt Hans Torv radiates cultural diversity, and Bl\u00e5g\u00e5rds Plads symbolizes unity and resilience.<br \/>\nDuring our walks, I explore topics like the migrant experience, cultural diversity, and the power of inclusion. It&#8217;s truly fulfilling to engage in these conversations and contribute to a more inclusive and interconnected community.<\/p>\n","protected":false},"excerpt":{"rendered":"<p>I&#8217;m Feras Salloum, originally from Syria, and I&#8217;ve been fortunate to call Denmark my home for seven years. Embracing the role of an intercultural companion, I&#8217;m passionate about connecting with people from different walks of life. I joined this project to share my unique journey and learn from others, fostering intercultural understanding and unity. As&#8230;<\/p>\n","protected":false},"author":16,"featured_media":13154,"parent":0,"menu_order":0,"comment_status":"closed","ping_status":"closed","template":"","meta":{"_acf_changed":false,"footnotes":""},"categories":[44,492,412],"tags":[533],"acf":[],"_links":{"self":[{"href":"https:\/\/migrantour.org\/en\/wp-json\/wp\/v2\/pages\/13152"}],"collection":[{"href":"https:\/\/migrantour.org\/en\/wp-json\/wp\/v2\/pages"}],"about":[{"href":"https:\/\/migrantour.org\/en\/wp-json\/wp\/v2\/types\/page"}],"author":[{"embeddable":true,"href":"https:\/\/migrantour.org\/en\/wp-json\/wp\/v2\/users\/16"}],"replies":[{"embeddable":true,"href":"https:\/\/migrantour.org\/en\/wp-json\/wp\/v2\/comments?post=13152"}],"version-history":[{"count":2,"href":"https:\/\/migrantour.org\/en\/wp-json\/wp\/v2\/pages\/13152\/revisions"}],"predecessor-version":[{"id":13157,"href":"https:\/\/migrantour.org\/en\/wp-json\/wp\/v2\/pages\/13152\/revisions\/13157"}],"wp:featuredmedia":[{"embeddable":true,"href":"https:\/\/migrantour.org\/en\/wp-json\/wp\/v2\/media\/13154"}],"wp:attachment":[{"href":"https:\/\/migrantour.org\/en\/wp-json\/wp\/v2\/media?parent=13152"}],"wp:term":[{"taxonomy":"category","embeddable":true,"href":"https:\/\/migrantour.org\/en\/wp-json\/wp\/v2\/categories?post=13152"},{"taxonomy":"post_tag","embeddable":true,"href":"https:\/\/migrantour.org\/en\/wp-json\/wp\/v2\/tags?post=13152"}],"curies":[{"name":"wp","href":"https:\/\/api.w.org\/{rel}","templated":true}]}}

<p>I&#8217;m Feras Salloum, originally from Syria, and I&#8217;ve been fortunate to call Denmark my home for seven years. Embracing the role of an intercultural companion, I&#8217;m passionate about connecting with people from different walks of life. I joined this project to share my unique journey and learn from others, fostering intercultural understanding and unity.<br />
As an intercultural companion, the most fascinating aspect of my role is witnessing the transformation of a city through the lens of migrants. Among the captivating places on the Migrantour itinerary, I find Sankt Hans Torv and Blågårds Plads particularly intriguing. Sankt Hans Torv radiates cultural diversity, and Blågårds Plads symbolizes unity and resilience.<br />
During our walks, I explore topics like the migrant experience, cultural diversity, and the power of inclusion. It&#8217;s truly fulfilling to engage in these conversations and contribute to a more inclusive and interconnected community.</p>
